 3185 and 650.
65
Calculate the highest common factor of 295 and 767.
59
What is the highest common factor of 117 and 26?
13
Calculate the greatest common factor of 281 and 1.
1
Calculate the greatest common divisor of 845 and 104.
13
What is the highest common factor of 40 and 12?
4
Calculate the highest common divisor of 140 and 336.
28
What is the highest common factor of 1255 and 10?
5
Calculate the greatest common factor of 54 and 3714.
6
Calculate the highest common factor of 210 and 480.
30
What is the greatest common factor of 949 and 52?
13
Calculate the greatest common factor of 20281 and 17.
17
Calculate the greatest common factor of 1944 and 189.
27
What is the greatest common divisor of 128 and 4096?
128
Calculate the greatest common factor of 525 and 42.
21
What is the highest common factor of 1694 and 1386?
154
What is the highest common factor of 2574 and 1782?
198
Calculate the greatest common factor of 122661 and 413.
413
Calculate the highest common divisor of 463 and 1.
1
What is the highest common divisor of 623 and 178?
89
Calculate the highest common factor of 92 and 8.
4
What is the greatest common divisor of 5000 and 12?
4
Calculate the highest common divisor of 16543 and 71.
71
Calculate the greatest common factor of 162 and 846.
18
Calculate the highest common divisor of 20 and 54.
2
What is the highest common divisor of 57 and 9?
3
Calculate the highest common divisor of 42 and 7966.
14
What is the highest common factor of 3135 and 198?
33
What is the highest common divisor of 378 and 3171?
21
Calculate the greatest common factor of 189 and 12.
3
Calculate the highest common divisor of 46 and 46.
46
Calculate the greatest common factor of 1424 and 200.
8
What is the highest common factor of 110 and 22?
22
Calculate the greatest common divisor of 132 and 24.
12
What is the highest common divisor of 30 and 7570?
10
Calculate the greatest common factor of 196 and 798.
14
What is the highest common divisor of 1292 and 19?
19
What is the greatest common divisor of 10 and 785?
5
What is the highest common factor of 27 and 1809?
27
What is the highest common divisor of 679 and 194?
97
Calculate the greatest common divisor of 17235 and 135.
45
Calculate the highest common factor of 920 and 80.
40
Calculate the highest common factor of 43 and 3.
1
What is the greatest common divisor of 14480 and 160?
80
Calculate the greatest common divisor of 93 and 1023.
93
Calculate the highest common divisor of 135 and 675.
135
Calculate the highest common divisor of 455 and 105.
35
What is the highest common factor of 792 and 495?
99
What is the greatest common factor of 182 and 52?
26
Calculate the highest common divisor of 2635 and 155.
155
What is the highest common factor of 15968 and 32?
32
What is the highest common divisor of 9968 and 16?
16
Calculate the highest common factor of 70 and 42.
14
Calculate the highest common factor of 42 and 70.
14
Calculate the highest common divisor of 89 and 1.
1
Calculate the greatest common factor of 258 and 430.
86
What is the greatest common factor of 52 and 120?
4
Calculate the highest common divisor of 594 and 154.
22
Calculate the greatest common divisor of 781 and 11.
11
Calculate the highest common factor of 7 and 203.
7
What is the greatest common factor of 60 and 1050?
30
What is the highest common factor of 30816 and 24?
24
What is the highest common divisor of 46 and 138?
46
What is the highest common divisor of 208 and 136?
8
What is the highest common factor of 492 and 779?
41
Calculate the greatest common divisor of 568 and 8.
8
Calculate the greatest common divisor of 23155 and 55.
55
What is the highest common divisor of 792 and 72?
72
Calculate the greatest common divisor of 11605 and 10.
5
What is the greatest common factor of 5 and 115?
5
Calculate the greatest common factor of 80 and 11280.
80
Calculate the greatest common divisor of 623 and 63.
7
What is the greatest common divisor of 135 and 60?
15
What is the greatest common divisor of 1 and 12?
1
What is the highest common divisor of 429 and 8775?
39
What is the greatest common divisor of 66 and 3102?
66
Calculate the highest common factor of 824 and 22454.
206
What is the greatest common divisor of 208 and 96?
16
What is the greatest common divisor of 31 and 1209?
31
Calculate the highest common divisor of 8041 and 55.
11
Calculate the highest common divisor of 1932 and 69.
69
Calculate the highest common divisor of 22 and 99.
11
Calculate the greatest common divisor of 4 and 107.
1
Calculate the highest common divisor of 45291 and 93.
93
Calculate the greatest common factor of 33 and 462.
33
What is the highest common factor of 3770 and 26?
26
What is the highest common factor of 96 and 6396?
12
Calculate the greatest common divisor of 628 and 56.
4
What is the greatest common factor of 1541 and 23?
23
What is the greatest common factor of 3219 and 111?
111
Calculate the greatest common divisor of 851 and 115.
23
Calculate the highest common divisor of 5760 and 45.
45
What is the greatest common divisor of 57 and 1083?
57
What is the highest common divisor of 4 and 1?
1
What is the highest common divisor of 3 and 114?
3
What is the greatest common divisor of 18 and 186?
6
What is the greatest common divisor of 150 and 405?
15
What is the highest common divisor of 27 and 630?
9
What is the highest common divisor of 3 and 285?
3
What is the greatest common divisor of 15 and 22695?
15
Calculate the greatest common divisor of 2 and 111.
1
What is the greatest common factor of 549 and 61?
61
What is the greatest common factor of 6902 and 714?
238
Calculate the greatest common factor of 4183 and 47.
47
What is the greatest common factor of 1240 and 2232?
248
Calculate the greatest common divisor of 1029 and 714.
21
What is the greatest common factor of 116 and 32?
4
Calculate the greatest common factor of 3 and 6711.
3
Calculate the greatest common divisor of 2 and 146.
2
What is the greatest common divisor of 66 and 407?
11
Calculate the greatest common divisor of 160 and 1145.
5
What is the highest common divisor of 54 and 7587?
27
Calculate the highest common divisor of 12 and 204.
12
What is the greatest common factor of 1680 and 21?
21
Calculate the greatest common factor of 250 and 290.
10
What is the greatest common divisor of 94 and 2?
2
What is the greatest common factor of 180 and 2420?
20
Calculate the greatest common divisor of 160 and 1840.
80
Calculate the greatest common divisor of 4 and 412.
4
What is the greatest common factor of 24 and 232?
8
What is the greatest common factor of 91 and 143?
13
What is the highest common factor of 24 and 768?
24
Calculate the greatest common factor of 21774 and 114.
114
Calculate the greatest common divisor of 2496 and 2.
2
What is the highest common factor of 404 and 3838?
202
Calculate the greatest common factor of 72 and 168.
24
Calculate the greatest common divisor of 117 and 65.
13
What is the highest common divisor of 6313 and 59?
59
Calculate the highest common divisor of 2373 and 567.
21
Calculate the highest common factor of 171 and 1235.
19
What is the greatest common divisor of 52 and 9308?
52
Calculate the greatest common factor of 936 and 104.
104
What is the highest common factor of 4 and 14?
2
What is the greatest common factor of 4755 and 75?
15
Calculate the highest common divisor of 517 and 11.
11
What is the highest common factor of 28 and 4648?
28
What is the highest common divisor of 84 and 60?
12
Calculate the highest common factor of 78 and 1222.
26
Calculate the highest common factor of 1946 and 14.
14
Calculate the greatest common divisor of 2268 and 63.
63
What is the greatest common factor of 35 and 2?
1
Calculate the greatest common divisor of 268 and 670.
134
Calculate the highest common factor of 225 and 20.
5
Calculate the highest common divisor of 728 and 455.
91
What is the greatest common divisor of 840 and 10560?
120
What is the greatest common divisor of 128 and 96?
32
Calculate the highest common factor of 34 and 1054.
34
Calculate the highest common divisor of 506 and 33.
11
What is the highest common divisor of 81211 and 13?
13
Calculate the highest common divisor of 39 and 195.
39
Calculate the highest common divisor of 221 and 5